inder when z is divided by (72/30)/(1/c)?
8
Let b = 9 - -57. Let w = 200 - 166. What is the remainder when b is divided by w?
32
Suppose -2*s - 22 = -5*r + 89, 0 = 2*r + s - 48. What is the remainder when 596 is divided by r?
21
Let j = 395 + -351. Let q = 18 - 2. What is the remainder when j is divided by q?
12
Let k(z) = 3*z**2 + 18*z + 24. Let r(g) = 3*g**2 + 17*g + 25. Let j(d) = -3*k(d) + 4*r(d). Calculate the remainder when 142 is divided by j(-3).
12
Calculate the remainder when (-17)/(-68)*(-4908)/(-9) + (-2)/(-3) is divided by 38.
23
Let z = -7306 - -8318. What is the remainder when z is divided by 112?
4
Let y = 642 + -566. What is the remainder when 12691 is divided by y?
75
Suppose 3*d - 16 = 5*d. Suppose -6*c + c = 4*q - 179, -c = -3*q - 32. What is the remainder when ((-16704)/256)/(-3*(-1)/d) is divided by c?
34
Suppose 9 = -5*h + 4. Let r be 364/(-18)*h - 2/9. What is the remainder when 69 is divided by 9/(-1 + 35/r)?
9
Suppose -4*q = 4*q + 1136. Let x = q - -159. What is the remainder when 48 is divided by x?
14
Let s = -6742 + 6849. Let g = 93 + -52. Calculate the remainder when s is divided by g.
25
Suppose -3*o - 3*o - 4*o = -810. Calculate the remainder when o is divided by 15.
6
Let m(w) = 1065*w**2 + 5*w - 6. Let b be m(1). Suppose -44*a + b + 1620 = 0. Calculate the remainder when 120 is divided by a.
59
Suppose 0 = -3*j - 4*d - 155, -3*j + d - 175 = -0*j. Let q = j - -59. What is the remainder when 63 is divided by 15/30 + (q - 58/(-4))?
12
Suppose -7*m - 11 = 52. Let a(u) be the second derivative of -u**3/3 + 41*u**2/2 + 2*u. What is the remainder when a(m) is divided by 20?
19
Let a(f) = f + 203. Let u(y) = 15*y + 4. Let b = -22 + 24. What is the remainder when a(0) is divided by u(b)?
33
Suppose -4*p - 2*r + 33 = -169, -3*p = -r - 159. Let t = p + -18. What is the remainder when t is divided by 12?
10
Let l(m) = -m**3 - 43*m**2 + 133*m - 40. Calculate the remainder when 701 is divided by l(-46).
131
What is the remainder when (-6439855)/(-2853) + 4/(-18) is divided by 28?
17
Let w = 5425 - 4979. Calculate the remainder when w is divided by 147.
5
Suppose -42 = -6*k + 5*k - 2*r, 3*r = -14*k + 588. Let a = -336 + 543. Calculate the remainder when a is divided by k.
39
Let o be -2 - (1059/(-39) - (-6)/39). Suppose 16 - 116 = -o*r. Calculate the remainder when 5 is divided by r.
1
Let c = -12943 + 13162. Let h(l) = -14*l + 1. Let v(z) = 195*z - 15. Let k(f) = -55*h(f) - 4*v(f). What is the remainder when c is divided by k(-5)?
54
Let q(i) = i**3 + 3*i + 22. Let z be q(0). Calculate the remainder when (-21480)/(-440) + 1/(z/4) is divided by 3.
1
Let u(h) = -3*h + 80. What is the remainder when 888 is divided by u(23)?
8
Let r = -4350 + 4391. Calculate the remainder when 490 is divided by r.
39
Suppose -f - 4*s + 38 = 0, 5*s = -4*f + 177 - 47. Calculate the remainder when 264 is divided by f.
24
Suppose 0 = -1439*h + 1426*h + 3965. Let n(o) = o**3 - 8*o**2 + 9*o - 5. Calculate the remainder when h is divided by n(7).
8
Let u = 588 - 544. Calculate the remainder when u is divided by (-273)/(-14) + -6 + (-6)/4.
8
Let h = 50 - 45. Suppose -f + 198 = h*z, 0*f = -z + 3*f + 30. Let x(p) = 4*p**2 - 38*p. Calculate the remainder when z is divided by x(10).
19
Suppose -447*m = -470*m + 2484. Calculate the remainder when 862 is divided by m.
106
Let j = 50 + -46. Let c be (6/j)/(27/(-288)). Let g = 29 + c. Calculate the remainder when g is divided by 7.
6
Suppose -3*g + 3522 + 1365 = -4*f, 3*f - 6566 = -4*g. Calculate the remainder when g is divided by 63.
62
Let d(m) = 17*m**2 + 7*m - 194. What is the remainder when d(13) is divided by 6?
4
Let p = 7 + 8. Suppose 381 = -3*f + 3*r, -7*r = 5*f - 11*r + 632. Let i = f - -165. What is the remainder when i is divided by p?
11
Suppose 206202*b - 8000 = 206194*b. What is the remainder when b is divided by 82?
16
Suppose 4*x + 3*m - 2*m + 1513 = 0, 3*m - 1904 = 5*x. What is the remainder when 8/(-8) - -1 - x is divided by 10?
9
Suppose 5*y = 2*f - 877, 21*y - 1332 = -3*f + 23*y. Calculate the remainder when f is divided by 88.
6
Let b be (-2 - -322)/(-1) - 1. What is the remainder when 211 is divided by (-2 - 42/(-18))/((-1)/b)?
104
What is the remainder when 1448/8 + (-9 - 3) is divided by 3?
1
Suppose -5*x + 119 = 19. Calculate the remainder when x/11 + -2 + (-3942)/(-22) is divided by 30.
29
Suppose -2 = 3*m + g - 33, 0 = -2*m + 5*g + 15. Suppose 76 - m = 3*v. Suppose j = -5*d + 28, -5*j - v = -d - d. What is the remainder when 15 is divided by d?
3
Let c(u) = -12*u**3 + 48*u**2 + 8*u + 14. Calculate the remainder when 1590 is divided by c(4).
26
Suppose 0 = k - 1 - 31. Let j(h) = -3*h**3 + 25*h**2 - 4*h - 20. Calculate the remainder when k is divided by j(8).
8
Suppose 0 = -3*s - 3*n - 3, 3*n = -2*s - 4 + 7. What is the remainder when 204 is divided by s/4*(-45 - (3 + -2))?
66
Let y(j) = 1022*j + 12054. Calculate the remainder when y(-8) is divided by 1292.
2
Let x(a) = 2*a**2 - 61*a - 413. What is the remainder when 4586 is divided by x(-7)?
106
Let l = 17 + 17. Let h(w) = -3*w**3 + 174*w**2 + 560*w - 574. What is the remainder when h(61) is divided by l?
29
Let a = 273 - -67. Let i = a - 277. What is the remainder when i is divided by 17?
12
Let m(v) = v**3 + v**2 - 4*v + 5. Let h = 225 - 105. Suppose 14*r - 19*r + h = 0. What is the remainder when m(4) is divided by r?
21
Let q = 10447 + -10081. What is the remainder when q is divided by 93?
87
Let y = 71 + -66. Let h = y - 5. Calculate the remainder when 7*(0 - h - -11)*1 is divided by 16.
13
What is the remainder when (2235/(-6) - (-1)/2)*(25 - 26) is divided by 42?
36
Let k = -238 - -246. Suppose -4*c - 75 = -5*g, 3*c - k = -3*g - 2*c. Calculate the remainder when 38 is divided by g.
5
Suppose -185 - 413 = -5*k + 3*j, -3*k = -4*j - 350. What is the remainder when 851 is divided by k?
119
Let q = -6 - -29. Let r be 96/(-16) - (1 + -1). What is the remainder when q is divided by -3 - (-2)/(r/(-45))?
11
Let k be 214/(-7) + 68/119. Let v = -124 + 208. Let d = k + v. What is the remainder when d is divided by 10?
4
Suppose 3*k = -923 + 38. Let b = k - -477. What is the remainder when b is divided by 37?
34
Suppose 14704*w - 14817*w + 3616 = 0. Let n(j) = j**2 - j - 297. Let t be n(0). Let m = t + 424. What is the remainder when m is divided by w?
31
Suppose 0 = 26*x - 57 - 21. Let p(u) = 15*u**2 - 11*u + 7. Calculate the remainder when p(x) is divided by 28.
25
Let z(u) = 7*u**2 - 4*u + 2. Let c be z(1). Suppose 16 = c*r + 11. Calculate the remainder when 133 is divided by ((-1)/r - -16)/(1/1).
13
Suppose 1611 = 11175*p - 11174*p. What is the remainder when p is divided by 36?
27
Suppose -g + d + 672 = 0, 1626*g = 1628*g + d - 1359. Calculate the remainder when g is divided by 55.
17
Let i(v) = -7*v + 1. Let s(m) = -m. Let a(w) = i(w) - 5*s(w). Suppose -4*o = -3*o - 36. What is the remainder when o is divided by a(-6)?
10
Suppose -8*d = -y - 4*d + 119, d - 544 = -4*y. Suppose 0 = -5*t - 3*n + 112, -t + 2*t - 24 = n. What is the remainder when y is divided by t?
20
Let k be -6 + (-3 - -3) + 0. What is the remainder when (k - ((-8)/2)/4) + 386 is divided by 48?
45
Suppose -3*o = 4*d - 221, 5*o - d = 400 - 47. Suppose -5*a - t = 2*t - o, 0 = a - 4*t - 5. Calculate the remainder when 23 is divided by a.
10
Let x = -3012 - -3021. Suppose r - 89 = a, 2*r + 4*a - 187 = 9. Calculate the remainder when r is divided by x.
2
Suppose -1021*i + 1007*i = -66360. Calculate the remainder when i is divided by 65.
60
Suppose 8853 = 15*x - 5792 - 760. Calculate the remainder when x is divided by 49.
47
Let a = 710 - 590. Calculate the remainder when a is divided by (32 - 16)*(-2)/(-1).
24
Suppose 491*t - 793*t = -15402. What is the remainder when t is divided by 28?
23
Calculate the remainder when (-1)/((-2)/84)*19040/840 is divided by 61.
37
Suppose -5*v - 3*o - 66 = -8*v, 110 = 5*v + 2*o. Suppose 0*w - 2*u + 18 = 4*w, -4*w = -3*u - 13. What is the remainder when v is divided by w?
2
Suppose -225 = 6*h + 9. Let o = h + 42. Suppose -w + 66 = 3*f, 4*w = -o*f - 2*f + 243. What is the remainder when w is divided by 15?
12
Suppose v + 2 = -4*n, -3*v - 175*n + 179*n = -42. Suppose 3*d - 125 = 2*t, 3*d + 4*t = 8*d - 211. Calculate the remainder when d i